{"id":3214,"date":"2023-12-06T11:02:08","date_gmt":"2023-12-06T10:02:08","guid":{"rendered":"https:\/\/laffinee.fr\/?post_type=product&#038;p=3214"},"modified":"2025-06-17T12:39:17","modified_gmt":"2025-06-17T10:39:17","slug":"dent-du-chat","status":"publish","type":"product","link":"https:\/\/laffinee.fr\/index.php\/produit\/dent-du-chat\/","title":{"rendered":"Dent du Chat"},"content":{"rendered":"<p>Fromage de vache au lait cru, p\u00e2te press\u00e9e cuite produit par la Coop\u00e9rative de la Yenne, en Savoie.<\/p>\n<p>Sa technique de fabrication, son go\u00fbt fruit\u00e9 et sa texture onctueuse le situent au croisement du Comt\u00e9 et de l&rsquo;Abondance<\/p>\n<p>Avec du caract\u00e8re sans \u00eatre un fromage fort, il saura ravir tout le monde autour de la table, petits et grands gourmands !<\/p>\n","protected":false},"excerpt":{"rendered":"<p>Meule de Savoie, fromage de vache \u00e0 p\u00e2te dure au go\u00fbt fruit\u00e9<\/p>\n","protected":false},"featured_media":3302,"comment_status":"open","ping_status":"closed","template":"","meta":[],"product_brand":[],"product_cat":[66,51],"product_tag":[],"class_list":{"0":"post-3214","1":"product","2":"type-product","3":"status-publish","4":"has-post-thumbnail","6":"product_cat-fromages","7":"product_cat-vache","9":"first","10":"instock","11":"taxable","12":"shipping-taxable","13":"purchasable","14":"product-type-variable"},"yoast_head":"<!-- This site is optimized with the Yoast SEO plugin v27.4 - https:\/\/yoast.com\/product\/yoast-seo-wordpress\/ -->\n<title>Dent du Chat - L&#039;affin\u00e9e<\/title>\n<meta name=\"description\" content=\"Fromage de vache au lait cru, p\u00e2te press\u00e9e cuite produit par la Coop\u00e9rative de la Yenne, en Savoie.Sa technique de fabrication, son go\u00fbt fruit\u00e9 et sa texture onctueuse le situent au croisement du Comt\u00e9 et de l&#039;AbondanceAvec du caract\u00e8re sans \u00eatre un fromage fort, il saura ravir tout le monde autour de la table, petits et grands gourmands !\" \/>\n<meta name=\"robots\" content=\"index, follow, max-snippet:-1, max-image-preview:large, max-video-preview:-1\" \/>\n<link rel=\"canonical\" href=\"https:\/\/laffinee.fr\/index.php\/produit\/dent-du-chat\/\" \/>\n<meta property=\"og:locale\" content=\"fr_FR\" \/>\n<meta property=\"og:type\" content=\"article\" \/>\n<meta property=\"og:title\" content=\"Dent du Chat - L&#039;affin\u00e9e\" \/>\n<meta property=\"og:description\" content=\"Fromage de vache au lait cru, p\u00e2te press\u00e9e cuite produit par la Coop\u00e9rative de la Yenne, en Savoie.Sa technique de fabrication, son go\u00fbt fruit\u00e9 et sa texture onctueuse le situent au croisement du Comt\u00e9 et de l&#039;AbondanceAvec du caract\u00e8re sans \u00eatre un fromage fort, il saura ravir tout le monde autour de la table, petits et grands gourmands !\" \/>\n<meta property=\"og:url\" content=\"https:\/\/laffinee.fr\/index.php\/produit\/dent-du-chat\/\" \/>\n<meta property=\"og:site_name\" content=\"L&#039;affin\u00e9e\" \/>\n<meta property=\"article:modified_time\" content=\"2025-06-17T10:39:17+00:00\" \/>\n<meta property=\"og:image\" content=\"https:\/\/laffinee.fr\/wp-content\/uploads\/2023\/12\/product.webp\" \/>\n\t<meta property=\"og:image:width\" content=\"452\" \/>\n\t<meta property=\"og:image:height\" content=\"452\" \/>\n\t<meta property=\"og:image:type\" content=\"image\/webp\" \/>\n<meta name=\"twitter:card\" content=\"summary_large_image\" \/>\n<meta name=\"twitter:label1\" content=\"Dur\u00e9e de lecture estim\u00e9e\" \/>\n\t<meta name=\"twitter:data1\" content=\"1 minute\" \/>\n<script type=\"application\/ld+json\" class=\"yoast-schema-graph\">{\"@context\":\"https:\\\/\\\/schema.org\",\"@graph\":[{\"@type\":\"WebPage\",\"@id\":\"https:\\\/\\\/laffinee.fr\\\/index.php\\\/produit\\\/dent-du-chat\\\/\",\"url\":\"https:\\\/\\\/laffinee.fr\\\/index.php\\\/produit\\\/dent-du-chat\\\/\",\"name\":\"Dent du Chat - L&#039;affin\u00e9e\",\"isPartOf\":{\"@id\":\"https:\\\/\\\/laffinee.fr\\\/#website\"},\"primaryImageOfPage\":{\"@id\":\"https:\\\/\\\/laffinee.fr\\\/index.php\\\/produit\\\/dent-du-chat\\\/#primaryimage\"},\"image\":{\"@id\":\"https:\\\/\\\/laffinee.fr\\\/index.php\\\/produit\\\/dent-du-chat\\\/#primaryimage\"},\"thumbnailUrl\":\"https:\\\/\\\/laffinee.fr\\\/wp-content\\\/uploads\\\/2023\\\/12\\\/product.webp\",\"datePublished\":\"2023-12-06T10:02:08+00:00\",\"dateModified\":\"2025-06-17T10:39:17+00:00\",\"description\":\"Fromage de vache au lait cru, p\u00e2te press\u00e9e cuite produit par la Coop\u00e9rative de la Yenne, en Savoie.Sa technique de fabrication, son go\u00fbt fruit\u00e9 et sa texture onctueuse le situent au croisement du Comt\u00e9 et de l'AbondanceAvec du caract\u00e8re sans \u00eatre un fromage fort, il saura ravir tout le monde autour de la table, petits et grands gourmands !\",\"breadcrumb\":{\"@id\":\"https:\\\/\\\/laffinee.fr\\\/index.php\\\/produit\\\/dent-du-chat\\\/#breadcrumb\"},\"inLanguage\":\"fr-FR\",\"potentialAction\":[{\"@type\":\"ReadAction\",\"target\":[\"https:\\\/\\\/laffinee.fr\\\/index.php\\\/produit\\\/dent-du-chat\\\/\"]}]},{\"@type\":\"ImageObject\",\"inLanguage\":\"fr-FR\",\"@id\":\"https:\\\/\\\/laffinee.fr\\\/index.php\\\/produit\\\/dent-du-chat\\\/#primaryimage\",\"url\":\"https:\\\/\\\/laffinee.fr\\\/wp-content\\\/uploads\\\/2023\\\/12\\\/product.webp\",\"contentUrl\":\"https:\\\/\\\/laffinee.fr\\\/wp-content\\\/uploads\\\/2023\\\/12\\\/product.webp\",\"width\":452,\"height\":452},{\"@type\":\"BreadcrumbList\",\"@id\":\"https:\\\/\\\/laffinee.fr\\\/index.php\\\/produit\\\/dent-du-chat\\\/#breadcrumb\",\"itemListElement\":[{\"@type\":\"ListItem\",\"position\":1,\"name\":\"Accueil\",\"item\":\"https:\\\/\\\/laffinee.fr\\\/\"},{\"@type\":\"ListItem\",\"position\":2,\"name\":\"Produits\",\"item\":\"https:\\\/\\\/laffinee.fr\\\/index.php\\\/shop\\\/\"},{\"@type\":\"ListItem\",\"position\":3,\"name\":\"Dent du Chat\"}]},{\"@type\":\"WebSite\",\"@id\":\"https:\\\/\\\/laffinee.fr\\\/#website\",\"url\":\"https:\\\/\\\/laffinee.fr\\\/\",\"name\":\"L&#039;affin\u00e9e\",\"description\":\"laffin\u00e9e\",\"publisher\":{\"@id\":\"https:\\\/\\\/laffinee.fr\\\/#organization\"},\"potentialAction\":[{\"@type\":\"SearchAction\",\"target\":{\"@type\":\"EntryPoint\",\"urlTemplate\":\"https:\\\/\\\/laffinee.fr\\\/?s={search_term_string}\"},\"query-input\":{\"@type\":\"PropertyValueSpecification\",\"valueRequired\":true,\"valueName\":\"search_term_string\"}}],\"inLanguage\":\"fr-FR\"},{\"@type\":\"Organization\",\"@id\":\"https:\\\/\\\/laffinee.fr\\\/#organization\",\"name\":\"L&#039;affin\u00e9e\",\"url\":\"https:\\\/\\\/laffinee.fr\\\/\",\"logo\":{\"@type\":\"ImageObject\",\"inLanguage\":\"fr-FR\",\"@id\":\"https:\\\/\\\/laffinee.fr\\\/#\\\/schema\\\/logo\\\/image\\\/\",\"url\":\"https:\\\/\\\/laffinee.fr\\\/wp-content\\\/uploads\\\/2022\\\/12\\\/cropped-Capture-decran-2022-12-29-a-11.41.14.png\",\"contentUrl\":\"https:\\\/\\\/laffinee.fr\\\/wp-content\\\/uploads\\\/2022\\\/12\\\/cropped-Capture-decran-2022-12-29-a-11.41.14.png\",\"width\":1232,\"height\":352,\"caption\":\"L&#039;affin\u00e9e\"},\"image\":{\"@id\":\"https:\\\/\\\/laffinee.fr\\\/#\\\/schema\\\/logo\\\/image\\\/\"}}]}<\/script>\n<!-- \/ Yoast SEO plugin. -->","yoast_head_json":{"title":"Dent du Chat - L&#039;affin\u00e9e","description":"Fromage de vache au lait cru, p\u00e2te press\u00e9e cuite produit par la Coop\u00e9rative de la Yenne, en Savoie.Sa technique de fabrication, son go\u00fbt fruit\u00e9 et sa texture onctueuse le situent au croisement du Comt\u00e9 et de l'AbondanceAvec du caract\u00e8re sans \u00eatre un fromage fort, il saura ravir tout le monde autour de la table, petits et grands gourmands !","robots":{"index":"index","follow":"follow","max-snippet":"max-snippet:-1","max-image-preview":"max-image-preview:large","max-video-preview":"max-video-preview:-1"},"canonical":"https:\/\/laffinee.fr\/index.php\/produit\/dent-du-chat\/","og_locale":"fr_FR","og_type":"article","og_title":"Dent du Chat - L&#039;affin\u00e9e","og_description":"Fromage de vache au lait cru, p\u00e2te press\u00e9e cuite produit par la Coop\u00e9rative de la Yenne, en Savoie.Sa technique de fabrication, son go\u00fbt fruit\u00e9 et sa texture onctueuse le situent au croisement du Comt\u00e9 et de l'AbondanceAvec du caract\u00e8re sans \u00eatre un fromage fort, il saura ravir tout le monde autour de la table, petits et grands gourmands !","og_url":"https:\/\/laffinee.fr\/index.php\/produit\/dent-du-chat\/","og_site_name":"L&#039;affin\u00e9e","article_modified_time":"2025-06-17T10:39:17+00:00","og_image":[{"width":452,"height":452,"url":"https:\/\/laffinee.fr\/wp-content\/uploads\/2023\/12\/product.webp","type":"image\/webp"}],"twitter_card":"summary_large_image","twitter_misc":{"Dur\u00e9e de lecture estim\u00e9e":"1 minute"},"schema":{"@context":"https:\/\/schema.org","@graph":[{"@type":"WebPage","@id":"https:\/\/laffinee.fr\/index.php\/produit\/dent-du-chat\/","url":"https:\/\/laffinee.fr\/index.php\/produit\/dent-du-chat\/","name":"Dent du Chat - L&#039;affin\u00e9e","isPartOf":{"@id":"https:\/\/laffinee.fr\/#website"},"primaryImageOfPage":{"@id":"https:\/\/laffinee.fr\/index.php\/produit\/dent-du-chat\/#primaryimage"},"image":{"@id":"https:\/\/laffinee.fr\/index.php\/produit\/dent-du-chat\/#primaryimage"},"thumbnailUrl":"https:\/\/laffinee.fr\/wp-content\/uploads\/2023\/12\/product.webp","datePublished":"2023-12-06T10:02:08+00:00","dateModified":"2025-06-17T10:39:17+00:00","description":"Fromage de vache au lait cru, p\u00e2te press\u00e9e cuite produit par la Coop\u00e9rative de la Yenne, en Savoie.Sa technique de fabrication, son go\u00fbt fruit\u00e9 et sa texture onctueuse le situent au croisement du Comt\u00e9 et de l'AbondanceAvec du caract\u00e8re sans \u00eatre un fromage fort, il saura ravir tout le monde autour de la table, petits et grands gourmands !","breadcrumb":{"@id":"https:\/\/laffinee.fr\/index.php\/produit\/dent-du-chat\/#breadcrumb"},"inLanguage":"fr-FR","potentialAction":[{"@type":"ReadAction","target":["https:\/\/laffinee.fr\/index.php\/produit\/dent-du-chat\/"]}]},{"@type":"ImageObject","inLanguage":"fr-FR","@id":"https:\/\/laffinee.fr\/index.php\/produit\/dent-du-chat\/#primaryimage","url":"https:\/\/laffinee.fr\/wp-content\/uploads\/2023\/12\/product.webp","contentUrl":"https:\/\/laffinee.fr\/wp-content\/uploads\/2023\/12\/product.webp","width":452,"height":452},{"@type":"BreadcrumbList","@id":"https:\/\/laffinee.fr\/index.php\/produit\/dent-du-chat\/#breadcrumb","itemListElement":[{"@type":"ListItem","position":1,"name":"Accueil","item":"https:\/\/laffinee.fr\/"},{"@type":"ListItem","position":2,"name":"Produits","item":"https:\/\/laffinee.fr\/index.php\/shop\/"},{"@type":"ListItem","position":3,"name":"Dent du Chat"}]},{"@type":"WebSite","@id":"https:\/\/laffinee.fr\/#website","url":"https:\/\/laffinee.fr\/","name":"L&#039;affin\u00e9e","description":"laffin\u00e9e","publisher":{"@id":"https:\/\/laffinee.fr\/#organization"},"potentialAction":[{"@type":"SearchAction","target":{"@type":"EntryPoint","urlTemplate":"https:\/\/laffinee.fr\/?s={search_term_string}"},"query-input":{"@type":"PropertyValueSpecification","valueRequired":true,"valueName":"search_term_string"}}],"inLanguage":"fr-FR"},{"@type":"Organization","@id":"https:\/\/laffinee.fr\/#organization","name":"L&#039;affin\u00e9e","url":"https:\/\/laffinee.fr\/","logo":{"@type":"ImageObject","inLanguage":"fr-FR","@id":"https:\/\/laffinee.fr\/#\/schema\/logo\/image\/","url":"https:\/\/laffinee.fr\/wp-content\/uploads\/2022\/12\/cropped-Capture-decran-2022-12-29-a-11.41.14.png","contentUrl":"https:\/\/laffinee.fr\/wp-content\/uploads\/2022\/12\/cropped-Capture-decran-2022-12-29-a-11.41.14.png","width":1232,"height":352,"caption":"L&#039;affin\u00e9e"},"image":{"@id":"https:\/\/laffinee.fr\/#\/schema\/logo\/image\/"}}]}},"jetpack_sharing_enabled":true,"_links":{"self":[{"href":"https:\/\/laffinee.fr\/index.php\/wp-json\/wp\/v2\/product\/3214","targetHints":{"allow":["GET"]}}],"collection":[{"href":"https:\/\/laffinee.fr\/index.php\/wp-json\/wp\/v2\/product"}],"about":[{"href":"https:\/\/laffinee.fr\/index.php\/wp-json\/wp\/v2\/types\/product"}],"replies":[{"embeddable":true,"href":"https:\/\/laffinee.fr\/index.php\/wp-json\/wp\/v2\/comments?post=3214"}],"wp:featuredmedia":[{"embeddable":true,"href":"https:\/\/laffinee.fr\/index.php\/wp-json\/wp\/v2\/media\/3302"}],"wp:attachment":[{"href":"https:\/\/laffinee.fr\/index.php\/wp-json\/wp\/v2\/media?parent=3214"}],"wp:term":[{"taxonomy":"product_brand","embeddable":true,"href":"https:\/\/laffinee.fr\/index.php\/wp-json\/wp\/v2\/product_brand?post=3214"},{"taxonomy":"product_cat","embeddable":true,"href":"https:\/\/laffinee.fr\/index.php\/wp-json\/wp\/v2\/product_cat?post=3214"},{"taxonomy":"product_tag","embeddable":true,"href":"https:\/\/laffinee.fr\/index.php\/wp-json\/wp\/v2\/product_tag?post=3214"}],"curies":[{"name":"wp","href":"https:\/\/api.w.org\/{rel}","templated":true}]}}